5). Let h(c) = 2*c - 2. Let t(z) = z - 1. Let v(k) = 5*h(k) - 7*t(k). Calculate v(a).
-12
Suppose -4*a - a - 2*x = 30, 9 = 4*a - 5*x. Let t(w) = w**3 - w - 1. Let q(j) = -3*j**3 - 4*j**2 + 2*j + 4. Let m(k) = -q(k) - 2*t(k). Calculate m(a).
-2
Let l(j) be the first derivative of -j**3/3 - 2*j**2 + j - 3. Let s = -7 + 4. Determine l(s).
4
Suppose -2*v - 15 = -5*q, 4*q - 3*v - 16 = -4. Let d(i) = i**2 + i - 1. Determine d(q).
11
Let i(f) = -2*f - 1. Let u = -30 + 37. What is i(u)?
-15
Let c = -13 - -8. Let n(x) = 5*x + 21 + 18 - 56 + 11 + x**2. Calculate n(c).
-6
Let f(y) = -2 + 1 + 0*y**3 - 89*y**2 + 84*y**2 - y**3. Determine f(-5).
-1
Let p(q) = q**2 - 8*q + 4*q + 2*q - 6. Let i = 9 + -4. Calculate p(i).
9
Let w(m) = m - 1. Let a = 4 + -3. Let o be w(a). Let c(h) = -h**3 - h**2 - h - 5. Give c(o).
-5
Let q(b) be the first derivative of -b**2/2 - 6*b + 18. Give q(7).
-13
Suppose -o + 7 = 11. Let a(s) = -2*s - 4. Calculate a(o).
4
Let u(g) = 2*g. Let v be u(1). Let s(f) = 1 + 2 + 5*f + 0*f - 5*f**2 + 4*f**v. Determine s(4).
7
Let c(o) = 3 + 9*o**2 - 11*o**2 - 5 - 2. Calculate c(3).
-22
Let u = -17 - -20. Let p(w) = -w + 6*w**2 + 4*w**3 - 2*w**2 - 3*w**u - 2 - 3. What is p(-4)?
-1
Let z(g) be the third derivative of g**5/20 - g**4/12 + g**3/2 + g**2. Let v = -5 + 7. Give z(v).
11
Let i(d) = d - 1. Let n(r) = -2*r + 7. Let w(h) = -5*i(h) - n(h). Determine w(-4).
10
Let a(r) = r. Let f(x) = -x + 2*x + 8 + 5 + 1. Let k be f(-10). Determine a(k).
4
Let m(l) = -l + 2. Suppose 68 = -2*k + 6*k. Let d be (25 - 1)*20/(-40). Let j = d + k. What is m(j)?
-3
Let j be (-4)/18 - 260/(-117). Let o(l) be the first derivative of 5*l - 3/2*l**2 - j + 1/4*l**4 + l**3. Give o(-4).
1
Let o be (-1)/(-2)*0 + 2. Let q be (1 - 1)*o/(-4). Let i(n) = -n - 11 + 4 - 21*n**2 - n**3 + 22*n**2. What is i(q)?
-7
Let h(q) be the third derivative of -1/60*q**5 + 0*q + 2/3*q**3 + 0 + q**2 + 1/120*q**6 + 1/24*q**4. Give h(0).
4
Let w(l) = -l - 4. Let y(z) = z**3 + 3*z**2 + 2*z + 2. Let o be y(-3). Give w(o).
0
Let x(v) = -6*v - 4. Let n(s) = -5*s - 3. Let d(h) = -4*n(h) + 3*x(h). Calculate d(-1).
-2
Suppose -2*g - 3*u + 3 = 0, 4*g - u - 8 = 5. Let c be g/(-9) - (-4)/(-6). Let i(q) = -q**2. Determine i(c).
-1
Let q(o) = -o**2 - 3*o. Let d = 5 - 10. Determine q(d).
-10
Let b(n) = n**3 + 5*n - 3*n**2 + 5*n**3 + 3 + 0*n**3 - 7*n**3. What is b(-4)?
-1
Suppose 5*n = 26 + 4. Suppose 3*i = -9, 3*i = -5*q - 0*q + n. Let c(z) = 2*z**2 - 5*z + 4. Give c(q).
7
Let l(j) be the second derivative of j**4/12 - j**3/3 - 3*j**2/2 + 18*j. What is l(3)?
0
Let y(l) = -l + 1. Suppose 12*g + 2*g = -56. What is y(g)?
5
Let x(t) be the first derivative of -7 - 3*t - 3*t + 0*t**2 + t**2 + t. Give x(6).
7
Let r(n) = 6*n + 1. Let l(p) = 7*p. Let f(o) = -2*l(o) + 3*r(o). Give f(-3).
-9
Let d be (16/(-10))/((-6)/15). Let o(s) be the second derivative of -2*s + 0*s**3 + 3/2*s**2 - 1/3*s**4 + 0 + 1/20*s**5. Calculate o(d).
3
Let l(y) = -20*y**3 + 11*y**3 - 2*y - 1 + 10*y**3 + 3*y**2. Let j(m) = -4*m - 1 - m + 4*m. Let v be j(2). What is l(v)?
5
Suppose -6 = -j + 4*j. Let p(q) = -q**2 + 3. Let f(g) = 3*g**2 + g - 8. Let o(w) = 3*f(w) + 8*p(w). Calculate o(j).
-2
Suppose 2*y = -0*y + 12. Let f(l) = l**2 - 8*l - 1. Let s(j) = -j. Let h(w) = -f(w) + 3*s(w). Calculate h(y).
-5
Let o(m) = m**2 - 7*m + 6. Let l be o(7). Let i(j) be the third derivative of 0 - 1/120*j**l - 5/6*j**3 - 1/8*j**4 + 1/12*j**5 - 2*j**2 + 0*j. What is i(4)?
-1
Let s(y) = -y**3 + 4*y**2 + y - 3. Suppose 4*g = -g + 15. What is s(g)?
9
Let i(g) = -2*g**3 - g**2 + 2*g + 3. Let v(r) = r**2 + 8*r - 2. Let w be v(-8). Give i(w).
11
Let s be ((-2)/4)/(7/(-42)). Let v(g) = 6 - s*g + 3*g - g - 7. Let p = 5 - 0. Calculate v(p).
-6
Let g(u) = -2*u. Suppose 0 = -5*h + 5*v - 5, 1 = 3*v - 5. Let n be -6*h/(2 + -5). What is g(n)?
-4
Let i be 11/11 - (2 + (-1)/(-1)). Let y(b) = -2*b**2 - 1. What is y(i)?
-9
Let q be (1 + -3 - -1)*0. Let u be (-3 + q)/(6/4). Let x be 10/4*1*u. Let b(i) = -i**2 - 5*i + 1. Give b(x).
1
Let v(f) = -f**3 + 6*f**2 - f - 14*f**2 + 9*f**2. What is v(0)?
0
Let g(s) = s**3 - 3*s**3 - 4*s**2 + 5*s**3 + 2*s - 2*s**3 + 3. Suppose -n = 2*o + 2*o - 15, 0 = -2*n + 2*o. Determine g(n).
0
Let m(u) = u**2 - 6*u + 2. Suppose -64 = -2*j - 52. Calculate m(j).
2
Let r(c) be the third derivative of -c**5/60 - c**4/24 + 18*c**2. What is r(-3)?
-6
Let u(o) be the second derivative of -o**4/12 - o**3/6 - o**2 + 5*o. What is u(-2)?
-4
Let l(k) = 0*k + 6*k - k - 4*k. Let z(n) = n**3 - 5*n**2 + 2*n + 2. Let i be z(2). Give l(i).
-6
Let r(a) = -6*a**2 + 3*a**2 + a**2. Suppose 5 - 2 = 3*d. Give r(d).
-2
Suppose -16 = -4*x, -2*c + 2*x = -2*x + 12. Let b = c + 1. Let r(w) be the second derivative of w**3/6 - 2*w. Determine r(b).
3
Let x(p) = -5*p - 2. Let b(i) = 5*i + 2 - 9*i + 8*i. Let j(r) = -4*b(r) - 3*x(r). Give j(3).
-5
Suppose 0 = 2*m - a, -a - 4 = -4*m - 0. Let o be 2 - (m + -10)/(-2). Let f(v) = -2*v - 1. Calculate f(o).
3
Let p(k) be the third derivative of k**6/120 + k**5/60 - k**4/8 + 2*k**3/3 - 19*k**2. Give p(-3).
-5
Let i(u) = -2*u**2 - 3*u - 2. Let p = -7 - -10. Let g = p - 1. Suppose 0 = 3*m - g + 8. What is i(m)?
-4
Let u(n) = 630*n - 112. Let v(c) = 28*c - 5. Let p(z) = 5*u(z) - 112*v(z). Determine p(1).
14
Let m = 2 - 2. Let t(p) = p**3 + 2*p**2 + 2*p - 5. Let h(c) = -c**3 - c**2 - c + 6. Let f(u) = 3*h(u) + 2*t(u). Calculate f(m).
8
Let q(f) = 2*f**2 - 2*f - 1. Let x(b) = -b**2. Let r be x(1). Let m be q(r). Let o(n) = -2*n - 3*n**2 + m*n + 2*n**2 + 6. What is o(0)?
6
Let v(i) be the first derivative of 9 + 2*i**3 - 3*i - 5/2*i**2 - 1/4*i**4. Calculate v(5).
-3
Let z(l) be the third derivative of l**4/24 + 7*l**3/6 + l**2. Determine z(6).
13
Suppose -q - 8 = -4*g, g + 1 = -5*q + 3. Let p be (-1)/(0 - g)*0. Let h(i) = -i + 6. Calculate h(p).
6
Suppose -5*z - 5*t + 35 = 0, 0 = -z - z - 4*t + 22. Let s(r) = -r**3 - z*r**3 - r**3 - 1. What is s(1)?
-6
Let i(j) = -4*j + 8. Let a(k) = -3*k + 7. Let v(w) = -5*a(w) + 4*i(w). Give v(-3).
0
Suppose -q + 3 - 4 = 0. Let j(o) be the third derivative of o**6/120 + o**5/120 + o**4/8 + o**2. Let m(p) be the second derivative of j(p). Calculate m(q).
-5
Let a(y) = -4*y. Let v(p) = -4*p + 1. Let q be v(-2). Suppose 0*c + 2*z = -4*c - 6, -4*c = -z - q. Give a(c).
-4
Let j(p) be the first derivative of p**4/4 - 5*p**3/3 + 6*p - 16. Give j(5).
6
Let a be (-2 + (14 - 2))/2. Let z = a - 3. Let y(n) = -6*n**2 + n**2 + 4*n**z. Give y(1).
-1
Suppose 3*c - 4*j + j = 36, -5*c + 3*j = -54. Suppose 4*o = w, 3*w - 3*o + c = -0*o. Let t = w - 1. Let y(l) = l**2 + 4*l - 3. What is y(t)?
2
Let w(d) = 9*d**2 - 7*d - 6. Let m(g) = 17*g**2 - 13*g - 11. Let u(h) = -6*m(h) + 11*w(h). Give u(-1).
-4
Let n(q) = q - 2. Let b = 7 - 9. Let i be (-201)/(-15) - b/(-5). Suppose -5*w + i + 17 = -5*t, 5*t = 4*w - 26. What is n(t)?
-4
Let w(i) = -i**3 - 2*i**2 + 3*i + 1. Let b(m) be the third derivative of m**6/60 - m**5/60 + 4*m**2. Let t be b(-1). Give w(t).
1
Let g(j) = -j**3 + 6*j**2 - 4*j + 4. Suppose 16 = 5*o - 9. Calculate g(o).
9
Let s(m) = -m**3 - 7*m**2 - 3. Let i be s(-7). Let z(c) = -c + 6. Let l be z(5). Let y(w) = -l - 5*w - 2 - 1 - w**2. Determine y(i).
2
Let d(c) = c**2 - 8*c - 5. Let h(z) = z + 9 - 4 - 3. Let q be h(5). What is d(q)?
-12
Let u(g) = -g**2 - 3*g + 7. Let z be u(-6). Let l(a) = 6*a - 7. Let x(k) = -17*k + 20. Suppose 20 = 4*f - 9*f. Let h(s) = f*x(s) + z*l(s). Determine h(2).
1
Let q be (-2)/(-11) - (-20)/11. Let o(c) = 2*c**3 - c - 2. Calculate o(q).
12
Let w(z) be the third derivative of 5*z**4/24 - 2*z**3/3 - 2*z**2. Let f(o) = 3*o - 2. Let g(b) = -7*f(b) + 4*w(b). Calculate g(5).
-7
Let y(s) be the first derivative of s**7/840 + s**6/72 + s**5/24 + s**4/12 - 2*s**3/3 + 2. Let j(z) be the third derivative of y(z). Give j(-3).
5
Let r = -1 - -1. Let d(a) = r - 3*a + 3 - 4. Give d(1).
-4
Let u be (1 - 5/1)*-1. Let q be 2/(-1) + 3 + 3. Let f(j) = -3 - j + 1 + q - 3. Give f(u).
-5
Let w(j) = -6*j - j + 0 + 6. Let d(x) be the third derivative of -13*x**4/24 + 11*x**3/6 - 2*x**2. Let b(z) = -6*d(z) + 11*w(z). Calculate b(4).
4
Let m(p) = p**2 - 4*p - 13. Let f be m(5). Let j(u) = u**2 + 9*u - 4. What is j(f)?
-12
Let b(h) = h + 10. Let w(g) be the second derivative of g**3 + 51*g**2/2 - 2*g. Let v(a) = 11*b(a